remainder when 1740 is divided by 397.
152
Calculate the remainder when 1896 is divided by 393.
324
Calculate the remainder when 9995 is divided by 3277.
164
What is the remainder when 3457437 is divided by 32?
29
Calculate the remainder when 21337 is divided by 967.
63
Calculate the remainder when 52094 is divided by 22.
20
Calculate the remainder when 10169353 is divided by 15.
13
Calculate the remainder when 193606 is divided by 55.
6
Calculate the remainder when 30883 is divided by 1722.
1609
What is the remainder when 45454 is divided by 238?
234
Calculate the remainder when 4096 is divided by 1357.
25
What is the remainder when 314936 is divided by 156?
128
What is the remainder when 69088 is divided by 8633?
24
Calculate the remainder when 238 is divided by 104.
30
Calculate the remainder when 63768 is divided by 4247.
63
Calculate the remainder when 4548 is divided by 2267.
14
Calculate the remainder when 75637 is divided by 501.
487
Calculate the remainder when 5662 is divided by 331.
35
Calculate the remainder when 355543 is divided by 457.
454
Calculate the remainder when 18293 is divided by 60.
53
Calculate the remainder when 3286 is divided by 66.
52
Calculate the remainder when 1260 is divided by 415.
15
Calculate the remainder when 460 is divided by 119.
103
Calculate the remainder when 5019 is divided by 2508.
3
Calculate the remainder when 2045 is divided by 31.
30
What is the remainder when 1861 is divided by 305?
31
What is the remainder when 64083 is divided by 42?
33
Calculate the remainder when 13866 is divided by 512.
42
What is the remainder when 150871 is divided by 31?
25
Calculate the remainder when 4047 is divided by 113.
92
What is the remainder when 151770 is divided by 50587?
9
Calculate the remainder when 6375 is divided by 1.
0
Calculate the remainder when 442 is divided by 74.
72
What is the remainder when 1303 is divided by 249?
58
Calculate the remainder when 66035 is divided by 260.
255
Calculate the remainder when 2269 is divided by 35.
29
Calculate the remainder when 9449 is divided by 46.
19
What is the remainder when 15226 is divided by 190?
26
What is the remainder when 24292 is divided by 342?
10
What is the remainder when 949 is divided by 480?
469
What is the remainder when 1006 is divided by 723?
283
Calculate the remainder when 4034 is divided by 16.
2
What is the remainder when 4666 is divided by 467?
463
Calculate the remainder when 3926 is divided by 79.
55
What is the remainder when 19001 is divided by 96?
89
Calculate the remainder when 46991 is divided by 376.
367
Calculate the remainder when 30773 is divided by 70.
43
What is the remainder when 29510 is divided by 136?
134
Calculate the remainder when 9943 is divided by 88.
87
What is the remainder when 12345 is divided by 67?
17
Calculate the remainder when 15335 is divided by 18.
17
Calculate the remainder when 707 is divided by 36.
23
Calculate the remainder when 2636 is divided by 397.
254
What is the remainder when 26486 is divided by 3?
2
Calculate the remainder when 156434 is divided by 15.
14
Calculate the remainder when 1810707 is divided by 218.
217
Calculate the remainder when 775795 is divided by 28.
27
What is the remainder when 303 is divided by 50?
3
What is the remainder when 68102 is divided by 344?
334
Calculate the remainder when 46219 is divided by 11497.
231
What is the remainder when 2081 is divided by 645?
146
Calculate the remainder when 23542 is divided by 181.
12
Calculate the remainder when 42984 is divided by 31.
18
Calculate the remainder when 87986 is divided by 141.
2
What is the remainder when 13462 is divided by 91?
85
Calculate the remainder when 7049 is divided by 833.
385
What is the remainder when 1434 is divided by 316?
170
What is the remainder when 48625 is divided by 82?
81
Calculate the remainder when 3800 is divided by 782.
672
Calculate the remainder when 42946 is divided by 14312.
10
What is the remainder when 1913 is divided by 42?
23
What is the remainder when 53899 is divided by 26949?
1
Calculate the remainder when 19322 is divided by 160.
122
What is the remainder when 15948 is divided by 961?
572
Calculate the remainder when 1582 is divided by 249.
88
Calculate the remainder when 51350 is divided by 27.
23
What is the remainder when 1900 is divided by 347?
165
What is the remainder when 57503 is divided by 57430?
73
Calculate the remainder when 280 is divided by 99.
82
Calculate the remainder when 33628 is divided by 33626.
2
Calculate the remainder when 223805 is divided by 1076.
1073
Calculate the remainder when 87195 is divided by 2721.
123
Calculate the remainder when 19660 is divided by 42.
4
What is the remainder when 9261 is divided by 4612?
37
Calculate the remainder when 3113 is divided by 286.
253
What is the remainder when 4263 is divided by 452?
195
What is the remainder when 22989 is divided by 84?
57
What is the remainder when 757642 is divided by 228?
226
Calculate the remainder when 2111 is divided by 20.
11
Calculate the remainder when 10043 is divided by 35.
33
Calculate the remainder when 21887 is divided by 291.
62
Calculate the remainder when 5631 is divided by 333.
303
Calculate the remainder when 1459 is divided by 729.
1
What is the remainder when 25487 is divided by 1063?
1038
Calculate the remainder when 666610 is divided by 18.
16
Calculate the remainder when 10821 is divided by 672.
69
Calculate the remainder when 34117 is divided by 46.
31
Calculate the remainder when 6384 is divided by 19.
0
What is the remainder when 12860 is divided by 28?
8
Calculate the remainder when 143248 is divided by 30.
28
What is the remainder when 342691 is divided by 1936?
19
Calculate the remainder when 143379 is divided by 5.
4
What is the remainder when 101831 is divided by 24?
23
What is the remainder when 3732 is divided by 412?
24
Calculate the remainder when 28476 is divided by 445.
441
Calculate the remainder when 6081 is divided by 102.
63
What is the remainder when 510096 is divided by 50?
46
Calculate the remainder when 1729 is divided by 1050.
679
What is the remainder when 165141 is divided by 734?
725
What is the remainder when 401036 is divided by 45?
41
Calculate the remainder when 1546 is divided by 160.
106
Calculate the remainder when 32931 is divided by 672.
3
What is the remainder when 12075 is divided by 2402?
65
Calculate the remainder when 12399 is divided by 765.
159
Calculate the remainder when 49542 is divided by 991.
983
What is the remainder when 6570 is divided by 12?
6
Calculate the remainder when 2266 is divided by 734.
64
Calculate the remainder when 1537432 is divided by 639.
637
Calculate the remainder when 1358 is divided by 59.
1
Calculate the remainder when 2624 is divided by 175.
174
Calculate the remainder when 140952 is divided by 1453.
11
Calculate the remainder when 25546 is divided by 140.
66
Calculate the remainder when 410038 is divided by 27.
16
Calculate the remainder when 2594904 is divided by 21.
18
What is the remainder when 8481 is divided by 28?
25
What is the remainder when 64060 is divided by 339?
328
What is the remainder when 54930 is divided by 20?
10
What is the remainder when 675 is divided by 627?
48
What is the remainder when 24021 is divided by 41?
36
What is the remainder when 181859 is divided by 70?
69
Calculate the remainder when 306 is divided by 94.
24
Calculate the remainder when 724737 is divided by 188.
185
Calculate the remainder when 222262 is divided by 54.
52
What is the remainder when 22349 is divided by 137?
18
Calculate the remainder when 514 is divided by 381.
133
What is the remainder when 174701 is divided by 23?
16
What is the remainder when 231979 is divided by 81?
76
What is the remainder when 12837 is divided by 87?
48
Calculate the remainder when 1045 is divided by 82.
61
What is the remainder when 424665 is divided by 199?
198
Calculate the remainder when 8565 is divided by 610.
25
Calculate the remainder when 71409 is divided by 28.
9
What is the remainder when 64211 is divided by 331?
328
Calculate the remainder when 3672 is divided by 889.
116
Calculate the remainder when 15639 is divided by 2602.
27
Calculate the remainder when 476720 is divided by 22700.
20
What is the remainder when 3